{"id":260,"date":"2025-08-09T08:33:30","date_gmt":"2025-08-09T08:33:30","guid":{"rendered":"http:\/\/volsa.com\/?page_id=260"},"modified":"2025-08-16T10:00:30","modified_gmt":"2025-08-16T10:00:30","slug":"impressum","status":"publish","type":"page","link":"https:\/\/volsa.com\/index.php\/impressum\/","title":{"rendered":"Impressum"},"content":{"rendered":"\n<h1 class=\"wp-block-heading\"><strong>Impressum<\/strong><\/h1>\n\n\n\n<p><strong>Medieninhaber &amp; verantwortlich f\u00fcr den Inhalt:<\/strong><br>Josef Volsa<br>Draschestra\u00dfe 13\/5<br>1230 Wien<br>\u00d6sterreich<\/p>\n\n\n\n<p><strong>Kontakt:<\/strong><br>Telefon: +43 699 100 23 770<br>E-Mail: <a>office@volsa.com<\/a><\/p>\n\n\n\n<p><strong>Unternehmensform:<\/strong><br>Einzelunternehmer<\/p>\n\n\n\n<p><strong>UID-Nummer:<\/strong><br>ATU50622606<\/p>\n\n\n\n<p><strong>Mitgliedschaften:<\/strong><br>Wirtschaftskammer Wien<\/p>\n\n\n\n<p><strong>Zust\u00e4ndige Gewerbebeh\u00f6rde:<\/strong><br>Magistratisches Bezirksamt<\/p>\n\n\n\n<p><strong>Anwendbare Rechtsvorschriften:<\/strong><br>Gewerbeordnung (abrufbar unter <a>www.ris.bka.gv.at<\/a>)<\/p>\n\n\n\n<p><strong>Haftungsausschluss:<\/strong><br>Die Inhalte dieser Website wurden mit gr\u00f6\u00dftm\u00f6glicher Sorgfalt erstellt. F\u00fcr die Richtigkeit, Vollst\u00e4ndigkeit und Aktualit\u00e4t der Inhalte wird jedoch keine Gew\u00e4hr \u00fcbernommen. Trotz sorgf\u00e4ltiger inhaltlicher Kontrolle \u00fcbernehmen wir keine Haftung f\u00fcr die Inhalte externer Links. F\u00fcr den Inhalt verlinkter Seiten sind ausschlie\u00dflich deren Betreiber verantwortlich.<\/p>\n\n\n\n<p><\/p>\n","protected":false},"excerpt":{"rendered":"<p>Impressum Medieninhaber &amp; verantwortlich f\u00fcr den Inhalt:Josef VolsaDraschestra\u00dfe 13\/51230 Wien\u00d6sterreich Kontakt:Telefon: +43 699 100 23 770E-Mail: office@volsa.com Unternehmensform:Einzelunternehmer UID-Nummer:ATU50622606 Mitgliedschaften:Wirtschaftskammer Wien Zust\u00e4ndige Gewerbebeh\u00f6rde:Magistratisches Bezirksamt Anwendbare Rechtsvorschriften:Gewerbeordnung (abrufbar unter www.ris.bka.gv.at) Haftungsausschluss:Die Inhalte dieser Website wurden mit gr\u00f6\u00dftm\u00f6glicher Sorgfalt erstellt. F\u00fcr die Richtigkeit, Vollst\u00e4ndigkeit und Aktualit\u00e4t der Inhalte wird jedoch keine Gew\u00e4hr \u00fcbernommen. Trotz sorgf\u00e4ltiger inhaltlicher Kontrolle&hellip;&nbsp;<a href=\"https:\/\/volsa.com\/index.php\/impressum\/\" rel=\"bookmark\"><span class=\"screen-reader-text\">Impressum<\/span><\/a><\/p>\n","protected":false},"author":1,"featured_media":0,"parent":0,"menu_order":0,"comment_status":"closed","ping_status":"closed","template":"","meta":{"neve_meta_sidebar":"","neve_meta_container":"","neve_meta_enable_content_width":"","neve_meta_content_width":0,"neve_meta_title_alignment":"","neve_meta_author_avatar":"","neve_post_elements_order":"","neve_meta_disable_header":"","neve_meta_disable_footer":"","neve_meta_disable_title":"","footnotes":""},"class_list":["post-260","page","type-page","status-publish","hentry"],"_links":{"self":[{"href":"https:\/\/volsa.com\/index.php\/wp-json\/wp\/v2\/pages\/260","targetHints":{"allow":["GET"]}}],"collection":[{"href":"https:\/\/volsa.com\/index.php\/wp-json\/wp\/v2\/pages"}],"about":[{"href":"https:\/\/volsa.com\/index.php\/wp-json\/wp\/v2\/types\/page"}],"author":[{"embeddable":true,"href":"https:\/\/volsa.com\/index.php\/wp-json\/wp\/v2\/users\/1"}],"replies":[{"embeddable":true,"href":"https:\/\/volsa.com\/index.php\/wp-json\/wp\/v2\/comments?post=260"}],"version-history":[{"count":2,"href":"https:\/\/volsa.com\/index.php\/wp-json\/wp\/v2\/pages\/260\/revisions"}],"predecessor-version":[{"id":318,"href":"https:\/\/volsa.com\/index.php\/wp-json\/wp\/v2\/pages\/260\/revisions\/318"}],"wp:attachment":[{"href":"https:\/\/volsa.com\/index.php\/wp-json\/wp\/v2\/media?parent=260"}],"curies":[{"name":"wp","href":"https:\/\/api.w.org\/{rel}","templated":true}]}}