{"id":252,"date":"2025-08-08T07:03:04","date_gmt":"2025-08-08T07:03:04","guid":{"rendered":"http:\/\/volsa.com\/?page_id=252"},"modified":"2025-08-10T14:48:58","modified_gmt":"2025-08-10T14:48:58","slug":"kontakt","status":"publish","type":"page","link":"https:\/\/volsa.com\/index.php\/kontakt\/","title":{"rendered":"Kontakt"},"content":{"rendered":"\n<h2 class=\"wp-block-heading\">Lassen Sie uns \u00fcber ihr Projekt sprechen<\/h2>\n\n\n\n<h3 class=\"wp-block-heading\"><strong>Einladung zum Gespr\u00e4ch<\/strong><\/h3>\n\n\n\n<p>Jedes Projekt beginnt mit einem pers\u00f6nlichen Austausch. Ob es um die Optimierung eines Hotelbereichs, die Verbesserung der Arbeitsatmosph\u00e4re in einem Unternehmen oder um Ihr privates Wohnumfeld geht \u2013 ein erstes Gespr\u00e4ch kl\u00e4rt schnell, welche M\u00f6glichkeiten es gibt und welche Schritte sinnvoll sind.<\/p>\n\n\n\n<p>Ich beantworte jede Anfrage <strong>pers\u00f6nlich<\/strong> und nehme mir die Zeit, Ihre Situation genau zu verstehen. So k\u00f6nnen wir gemeinsam entscheiden, wie wir Ihre Ziele am besten erreichen.<\/p>\n\n\n\n<hr class=\"wp-block-separator has-alpha-channel-opacity\"\/>\n\n\n\n<h3 class=\"wp-block-heading\"><strong>So erreichen Sie mich<\/strong><\/h3>\n\n\n\n<p><strong>E-Mail:<\/strong> <a>office@volsa.com<\/a><br><strong>Telefon:<\/strong> +43 (0)69910023770<\/p>\n\n\n\n<p>Falls Sie m\u00f6chten, k\u00f6nnen Sie mir direkt Ihre Kontaktdaten und Ihr Anliegen  per Mail schicken.<\/p>\n\n\n\n<hr class=\"wp-block-separator has-alpha-channel-opacity\"\/>\n\n\n\n<h3 class=\"wp-block-heading\"><strong>Ein Erlebnis, das als Entscheidungsgrundlage dient<\/strong><\/h3>\n\n\n\n<p>Was meine Arbeit besonders macht: Ich kann die <strong>Wirkung der Ortsqualit\u00e4t direkt sp\u00fcrbar machen<\/strong>.<br>Bei etwa 9 von 10 Menschen funktioniert dies sofort: Sie erleben den Unterschied zwischen der aktuellen Qualit\u00e4t eines Ortes und einer von mir tempor\u00e4r initiierten, verbesserten Qualit\u00e4t \u2013 noch bevor die eigentliche Arbeit beginnt.<\/p>\n\n\n\n<p>Dieses pers\u00f6nliche Erleben ist f\u00fcr viele meiner Kunden die <strong>entscheidende Grundlage<\/strong>, um \u00fcber ein Projekt zu entscheiden. Sie sp\u00fcren selbst, wie sich der Ort nach einer Optimierung anf\u00fchlen kann \u2013 und erkennen so den konkreten Nutzen f\u00fcr sich, ihre G\u00e4ste, Kunden oder Mitarbeiter.<\/p>\n\n\n\n<hr class=\"wp-block-separator has-alpha-channel-opacity\"\/>\n\n\n\n<h3 class=\"wp-block-heading\"><strong>Ihre Anfrage ist vertraulich<\/strong><\/h3>\n\n\n\n<p>Diskretion ist f\u00fcr mich selbstverst\u00e4ndlich \u2013 egal ob es um ein internationales Firmenprojekt oder eine private Wohnsituation geht. Ihre Daten werden ausschlie\u00dflich f\u00fcr die Bearbeitung Ihrer Anfrage verwendet.<\/p>\n\n\n\n<p><\/p>\n","protected":false},"excerpt":{"rendered":"<p>Lassen Sie uns \u00fcber ihr Projekt sprechen Einladung zum Gespr\u00e4ch Jedes Projekt beginnt mit einem pers\u00f6nlichen Austausch. Ob es um die Optimierung eines Hotelbereichs, die Verbesserung der Arbeitsatmosph\u00e4re in einem Unternehmen oder um Ihr privates Wohnumfeld geht \u2013 ein erstes Gespr\u00e4ch kl\u00e4rt schnell, welche M\u00f6glichkeiten es gibt und welche Schritte sinnvoll sind. Ich beantworte jede&hellip;&nbsp;<a href=\"https:\/\/volsa.com\/index.php\/kontakt\/\" rel=\"bookmark\"><span class=\"screen-reader-text\">Kontakt<\/span><\/a><\/p>\n","protected":false},"author":1,"featured_media":0,"parent":0,"menu_order":0,"comment_status":"closed","ping_status":"closed","template":"","meta":{"neve_meta_sidebar":"","neve_meta_container":"","neve_meta_enable_content_width":"","neve_meta_content_width":0,"neve_meta_title_alignment":"","neve_meta_author_avatar":"","neve_post_elements_order":"","neve_meta_disable_header":"","neve_meta_disable_footer":"","neve_meta_disable_title":"","footnotes":""},"class_list":["post-252","page","type-page","status-publish","hentry"],"_links":{"self":[{"href":"https:\/\/volsa.com\/index.php\/wp-json\/wp\/v2\/pages\/252","targetHints":{"allow":["GET"]}}],"collection":[{"href":"https:\/\/volsa.com\/index.php\/wp-json\/wp\/v2\/pages"}],"about":[{"href":"https:\/\/volsa.com\/index.php\/wp-json\/wp\/v2\/types\/page"}],"author":[{"embeddable":true,"href":"https:\/\/volsa.com\/index.php\/wp-json\/wp\/v2\/users\/1"}],"replies":[{"embeddable":true,"href":"https:\/\/volsa.com\/index.php\/wp-json\/wp\/v2\/comments?post=252"}],"version-history":[{"count":2,"href":"https:\/\/volsa.com\/index.php\/wp-json\/wp\/v2\/pages\/252\/revisions"}],"predecessor-version":[{"id":306,"href":"https:\/\/volsa.com\/index.php\/wp-json\/wp\/v2\/pages\/252\/revisions\/306"}],"wp:attachment":[{"href":"https:\/\/volsa.com\/index.php\/wp-json\/wp\/v2\/media?parent=252"}],"curies":[{"name":"wp","href":"https:\/\/api.w.org\/{rel}","templated":true}]}}