{"id":248,"date":"2025-08-08T07:01:55","date_gmt":"2025-08-08T07:01:55","guid":{"rendered":"http:\/\/volsa.com\/?page_id=248"},"modified":"2025-08-29T10:11:22","modified_gmt":"2025-08-29T10:11:22","slug":"ablauf","status":"publish","type":"page","link":"https:\/\/volsa.com\/index.php\/ablauf\/","title":{"rendered":"Ablauf"},"content":{"rendered":"\n<h2 class=\"wp-block-heading\"><strong>So l\u00e4uft ein Projekt ab<\/strong><\/h2>\n\n\n\n<h3 class=\"wp-block-heading\"><strong>1. Kontaktaufnahme &amp; Erstgespr\u00e4ch<\/strong><\/h3>\n\n\n\n<p>Die meisten meiner Projekte entstehen durch Empfehlungen. Der erste Kontakt dient dazu, Ihr Anliegen zu verstehen und gemeinsam zu kl\u00e4ren, welche Ziele Sie verfolgen.<\/p>\n\n\n\n<h3 class=\"wp-block-heading\"><strong>2. Vor-Ort-Analyse &amp; Erleben<\/strong><\/h3>\n\n\n\n<p>Der erste Besuch ist entscheidend: Ich erfasse den Status quo nicht, indem ich durch R\u00e4ume gehe und bewerte \u2013 sondern indem ich Sie sp\u00fcren lasse, wie der Ort aktuell auf Sie, Ihre Familie, Ihre Kunden oder Ihre Mitarbeiter wirkt.<br>Bei etwa <strong>9 von 10 Menschen<\/strong> funktioniert das sofort. Anschlie\u00dfend initiiere ich tempor\u00e4r eine andere Qualit\u00e4t, sodass Sie den Unterschied unmittelbar erleben k\u00f6nnen. Dieser direkte Vergleich bildet die <strong>entscheidende Grundlage<\/strong> f\u00fcr Ihre Entscheidung.<\/p>\n\n\n\n<h3 class=\"wp-block-heading\"><strong>3. Angebot &amp; Umsetzung<\/strong><\/h3>\n\n\n\n<p>Wenn Sie sich f\u00fcr eine Zusammenarbeit entscheiden, erhalten Sie ein <strong>schriftliches Angebot<\/strong> mit allen Details und dem genauen Umfang meiner Arbeit. Die Umsetzung erfolgt diskret und zielgerichtet, angepasst an Ihre Situation.<\/p>\n\n\n\n<h3 class=\"wp-block-heading\"><strong>4. Nachjustierung &amp; Begleitung<\/strong><\/h3>\n\n\n\n<p>Nach der Intervention gibt es auf Wunsch noch ein bis zwei <strong>Feinanpassungen<\/strong>, damit die Wirkung nachhaltig bestehen bleibt.<\/p>\n\n\n\n<p><\/p>\n","protected":false},"excerpt":{"rendered":"<p>So l\u00e4uft ein Projekt ab 1. Kontaktaufnahme &amp; Erstgespr\u00e4ch Die meisten meiner Projekte entstehen durch Empfehlungen. Der erste Kontakt dient dazu, Ihr Anliegen zu verstehen und gemeinsam zu kl\u00e4ren, welche Ziele Sie verfolgen. 2. Vor-Ort-Analyse &amp; Erleben Der erste Besuch ist entscheidend: Ich erfasse den Status quo nicht, indem ich durch R\u00e4ume gehe und bewerte&hellip;&nbsp;<a href=\"https:\/\/volsa.com\/index.php\/ablauf\/\" rel=\"bookmark\"><span class=\"screen-reader-text\">Ablauf<\/span><\/a><\/p>\n","protected":false},"author":1,"featured_media":0,"parent":0,"menu_order":0,"comment_status":"closed","ping_status":"closed","template":"","meta":{"neve_meta_sidebar":"","neve_meta_container":"","neve_meta_enable_content_width":"","neve_meta_content_width":0,"neve_meta_title_alignment":"","neve_meta_author_avatar":"","neve_post_elements_order":"","neve_meta_disable_header":"","neve_meta_disable_footer":"","neve_meta_disable_title":"","footnotes":""},"class_list":["post-248","page","type-page","status-publish","hentry"],"_links":{"self":[{"href":"https:\/\/volsa.com\/index.php\/wp-json\/wp\/v2\/pages\/248","targetHints":{"allow":["GET"]}}],"collection":[{"href":"https:\/\/volsa.com\/index.php\/wp-json\/wp\/v2\/pages"}],"about":[{"href":"https:\/\/volsa.com\/index.php\/wp-json\/wp\/v2\/types\/page"}],"author":[{"embeddable":true,"href":"https:\/\/volsa.com\/index.php\/wp-json\/wp\/v2\/users\/1"}],"replies":[{"embeddable":true,"href":"https:\/\/volsa.com\/index.php\/wp-json\/wp\/v2\/comments?post=248"}],"version-history":[{"count":2,"href":"https:\/\/volsa.com\/index.php\/wp-json\/wp\/v2\/pages\/248\/revisions"}],"predecessor-version":[{"id":361,"href":"https:\/\/volsa.com\/index.php\/wp-json\/wp\/v2\/pages\/248\/revisions\/361"}],"wp:attachment":[{"href":"https:\/\/volsa.com\/index.php\/wp-json\/wp\/v2\/media?parent=248"}],"curies":[{"name":"wp","href":"https:\/\/api.w.org\/{rel}","templated":true}]}}